 0 = -2*p - c*p + 20. List the prime factors of p.
2, 5
Suppose 25 = -5*n + 10. Let b be 5*(0 + n/(-1)). Let d = -3 + b. List the prime factors of d.
2, 3
Let q(a) = a**3 + 3*a**2 + a + 1. Let k be q(-2). Suppose -k*b - 15 = -39. List the prime factors of b.
2
Suppose -4*f = -2*a + 182, f = -3*a - 3*f + 313. List the prime factors of a.
3, 11
Let q = -7 + 43. What are the prime factors of q?
2, 3
What are the prime factors of 1 + 22/(-18) + 4504/18?
2, 5
Let a(r) = r**2 + 11*r - 17. Let w be a(-13). Suppose 0 = h - 44 - w. What are the prime factors of h?
53
Suppose 5*z + 9 = -4*t + 1, -2*z = 4*t + 8. Let r = z - -2. Suppose 4*x = -5*q + 65, 0*x + 3 = r*q - 3*x. What are the prime factors of q?
3
List the prime factors of 0 + (53 - -2) + -4 + 2.
53
Let d(z) = -6*z**2 - 5*z - 9. Let r(u) = 5*u**2 + 4*u + 8. Let m(p) = 4*d(p) + 5*r(p). What are the prime factors of m(3)?
13
Suppose 0 = 4*w + 3*n - 204, -5*w = -2*w + 4*n - 160. What are the prime factors of w?
2, 3
What are the prime factors of (3/4)/(2/144)?
2, 3
Let i = 708 + -357. What are the prime factors of i?
3, 13
Let c = 8 - 7. Let n = c + 1. What are the prime factors of n?
2
What are the prime factors of (-5 + 2)/((-18)/(-4))*-27?
2, 3
Let p be 6*-2 - 2/(-1). Let d be 5*(117/15 - 2). Let c = p + d. What are the prime factors of c?
19
Let m be -3 + 0/1 + 174. Suppose 4*w = -4*l + 188, 5*w + 2*l - m = 61. List the prime factors of w.
2, 23
Suppose p + p + a = 214, -3*a - 303 = -3*p. Suppose 10*y - p = 5*y. What are the prime factors of y?
3, 7
List the prime factors of 15/60 - ((-1555)/4 + 1).
2, 97
Suppose -r + 56 = -u + 5*u, 5*r + u = 185. List the prime factors of r.
2, 3
Let c = 334 + -234. List the prime factors of c.
2, 5
Let h(r) = -r**3 + r**2. Let z be h(1). Suppose -b + 2 = -z*b. List the prime factors of b.
2
Suppose 2*z = -3*m + 951, 5*m + 4*z - 1327 = 260. What are the prime factors of m?
3, 5, 7
Suppose 29*l - 25*l - 132 = 0. List the prime factors of l.
3, 11
List the prime factors of ((-236)/(-10))/((-9)/(-45)) + -2.
2, 29
Suppose 6*k = -155 + 449. What are the prime factors of k?
7
Let u(b) be the first derivative of b**2/2 - 2. Let r be u(4). List the prime factors of (1 - r) + 2 - -9.
2
Suppose -14 = -2*s + 426. What are the prime factors of s?
2, 5, 11
Let u = 4 - -26. Let c = 11 - 29. Let f = u + c. List the prime factors of f.
2, 3
Let d(m) = -m**2 + 9*m + 2. Let h be d(9). List the prime factors of 44 - 9 - 1*h.
3, 11
List the prime factors of 1452/14 + 8/28.
2, 13
Let c(p) = -p**2 + 8*p - 10. Let i(y) = y**2 - 5*y + 1. Let l be i(6). Let b be c(l). What are the prime factors of (4 - b)/(2 - 1)?
7
Suppose y = -4*y + 690. Let j = -88 + y. Let a = j + -33. What are the prime factors of a?
17
Let z(d) = d**2 - 3*d + 3. Let w be z(3). Suppose -y + 1 = -3*k + 24, -4*y - 38 = -w*k. List the prime factors of k.
2, 3
Let j(x) = 9*x - 25. List the prime factors of j(14).
101
Suppose 3*j = 5*b - 2*j - 1020, j - 2 = 0. What are the prime factors of b?
2, 103
Suppose -j + 34 + 3 = z, -j - 4*z = -31. What are the prime factors of j?
3, 13
Suppose -5 + 15 = 2*a. Suppose a = u, b + 6*u - 35 = 3*u. What are the prime factors of b?
2, 5
Let r(l) = 11*l**2 + 0 - 5 + 19*l**2 + 4. List the prime factors of r(-1).
29
Let c(s) = 9*s - 1. Let m(i) = i**2 - 4*i - 1. Let p be m(3). Let v be 6/(-9)*6/p. What are the prime factors of c(v)?
2
Let w = 41 - -15. Let a = w - 34. What are the prime factors of a?
2, 11
Suppose -3*s = s - 468. What are the prime factors of s?
3, 13
Let s = -1 - 2. Let k = -7 + s. Let y(l) = -2*l - 10. List the prime factors of y(k).
2, 5
Suppose -5*d + 269 = -0*y + 3*y, -3*d - 15 = 0. Let h = -58 + y. List the prime factors of (h/5)/((-1)/(-2)).
2
What are the prime factors of 9/6*156/9?
2, 13
Suppose 0 = -3*w - 12 + 45. Let d(v) = -9*v**2 + v**3 - 11 - 5*v + 4*v + w*v. List the prime factors of d(8).
5
Let r(a) = a**3 - 3*a**2 - 5*a + 18. List the prime factors of r(7).
179
Let l(w) = -15*w - 12. What are the prime factors of l(-7)?
3, 31
Let y(b) = b**2 + 2*b. Let r(d) = d**3 - 5*d**2 + 6*d - 2. Let x be r(4). Suppose -x = -4*o + 2*o - 2*k, -3 = o - 5*k. List the prime factors of y(o).
2
Let v(i) = -7*i + 3. Suppose 0 = 7*g - 2*g + 30. Let f be v(g). Suppose -5*h = 2*z - f, 2 = 4*h - 4*z - 6. What are the prime factors of h?
7
Let n = 154 - 73. What are the prime factors of n?
3
Suppose -5*y + 5*l = l - 387, -3*y - 2*l + 219 = 0. Let x be (-2)/(-9) + y/27. Suppose x*m = -m + 48. List the prime factors of m.
2, 3
Let v be -6*3/(-6) - -1. Suppose 0*l + p = -v*l + 53, -l + 23 = -3*p. What are the prime factors of l?
2, 7
List the prime factors of -3 - -7 - 8 - -54.
2, 5
Let z(p) = p**3 + 13*p**2 + 13*p + 20. List the prime factors of z(-12).
2
Let l = -17 - -20. List the prime factors of l.
3
Suppose -4*d - 12 = -3*s + 31, -2*s - 2*d + 10 = 0. List the prime factors of s.
3
Let t = 16 + -23. Let p = t + 44. List the prime factors of p.
37
Let h(t) be the first derivative of t**4/4 - 17*t**3/3 + t**2/2 + 17*t + 9. What are the prime factors of h(17)?
2, 17
Let d be (5 - -2) + 0 + 1. Suppose 3*r - a + 6 = 0, -2*a = -4*r - 6*a + d. List the prime factors of (35/10)/(r/(-2)).
7
Suppose 2*u = -3*r + 259, 3 - 6 = r. Let v = u + -89. List the prime factors of v.
3, 5
Suppose -21 = u + 13. Let s = 73 + u. Suppose 4*n + 7 = s. List the prime factors of n.
2
Suppose 458 + 1739 = 13*c. What are the prime factors of c?
13
What are the prime factors of (276/30)/(4/10)?
23
Let j = 9 + -5. Suppose 5*x - 39 = -j. List the prime factors of x.
7
Let d(m) = 11*m**3 - m**2 - 3*m + 4. List the prime factors of d(2).
2, 41
Suppose 0 = 2*h - 4, -3*u - h = -8*u + 38. Suppose 0 + u = -2*t. List the prime factors of (-26)/t - (-6)/(-4).
5
Suppose -3*v - 7 = -6*v + 4*o, 2*v = -5*o + 20. What are the prime factors of (-2)/v - (-128)/20?
2, 3
Suppose 3*b = 2 + 1. Let p = 3 - b. Suppose p*w - 39 = -5*c, -2*w = -3 - 1. List the prime factors of c.
7
Let v be (6 - 1)*-4 + -1. Let z = 34 + v. What are the prime factors of z?
13
Suppose 4*h = -0*w + 5*w - 1063, 3*h = 2*w - 428. What are the prime factors of w?
211
Let y = -2 - -2. Let r = 8 - y. Suppose r*n = 3*n + 85. What are the prime factors of n?
17
Let m(p) = -8*p - 4. Let d be m(-3). Suppose 10*v - 5*v = d. Suppose v = g - 0. What are the prime factors of g?
2
Let f(v) = -36*v + 21. List the prime factors of f(-5).
3, 67
Let m = -45 - -107. What are the prime factors of m?
2, 31
Let a(r) = -8*r - 3. List the prime factors of a(-5).
37
Let x(q) = 14*q - 77. List the prime factors of x(23).
5, 7
Let z(i) = i**2 + 4*i. Let n be z(-4). Suppose -s - 2 + 3 = n, 0 = -3*o + s + 47. Let c = o - 11. What are the prime factors of c?
5
Suppose -d + 12 = d. Suppose -4*y + y + d = 0. Let p = y - -2. What are the prime factors of p?
2
Let i be (87 + 1)*(-2)/(-4). Let p be (i/6)/((-2)/(-6)). Let b = -13 + p. What are the prime factors of b?
3
What are the prime factors of (-39)/(-26)*(-104)/(-6)?
2, 13
Let l = 7 - 14. Let q = 16 + l. List the prime factors of q.
3
Suppose 0 = 5*h + 16 + 9. Let d be h*(-2)/10*-2. List the prime factors of (d - -1) + (3 - -1).
3
Let n = 10 - 8. Suppose -n*j - 69 = -209. Suppose j = 4*v + 14. List the prime factors of v.
2, 7
Let a be (0 - 0)/(3/3). Suppose -3*w + 5*i - i + 10 = a, -3*w + 5 = -5*i. Suppose 2*o - 7*o = -w. What are the prime factors of o?
2
Suppose 4*q - h + 47 = -0*q, 0 = 4*q - 5*h + 27. Suppose -2*d + 5 = -3*d. Let g = d - q. What are the prime factors of g?
2
Let f = 48 + 2. Suppose -2*g + f = -g. Suppose -u - g = -6*u. List the prime factors of u.
2, 5
List the prime factors of 1137/27 + 1/(-9).
2, 3, 7
Let t(s) = 2*s + 5. Let d be t(-7). Let y = -6 - d. List the prime factors of y.
3
Suppose 4*j = 3*i + 126, 6*i = j + i - 40. List the prime factors of j.
2, 3, 5
Let p(a) = 3 - 3*a - 2*a - 8. Let c be p(4). List the prime factors of (60/c)/(6/(-20)).
2
Suppose 5*u + 96 - 233 = 4*f, 5*f + 15 = 0. Suppose 0 = -4*l - 3*o + 125, -u = -l - o - o. Suppose v - l = -4*v. What are the prime factors of v?
7
Suppose -2*k = -3*k - 3*c + 8, c - 6 = -2*k. Suppose 29 + 9 = 2*g - k*j, g = -5*j + 25. List the prime factors of g.
2, 5
Suppose 14*f - 15*f + 183 = 0. List the prime factors of f.
3, 61
Suppose 0 = 4*b - 3 -